- 1, -3*a - 11 = -m*w. Give j(w).
3
Let y(r) be the third derivative of -r**7/5040 + r**6/48 + 11*r**5/60 + r**3/3 - 13*r**2. Let w(x) be the third derivative of y(x). Calculate w(13).
2
Let s(n) = -n**3 - n**2 - n + 1. Let g(u) = 4*u**3 + 3*u**2 + 2*u + 26. Let z(h) = g(h) + 3*s(h). Let c be (0/16)/(0 - -2). Determine z(c).
29
Let h = -10562 - -10569. Let j(b) = b**2 + 4*b + 12. Determine j(h).
89
Suppose 8*i - 4*i = 68. Let a(p) = -26 + 22 - 7*p + i + 3*p. Calculate a(10).
-27
Let x(h) = -26*h + 1. Suppose 5*r - r - 244 = 3*z, -3*r = 4*z - 158. Let s = r + -64. Let t be (1 + s/(-3))*(-1)/3. What is x(t)?
27
Let f(n) be the third derivative of -n**4/6 - 7*n**3/3 + n**2 - 18*n - 78. What is f(-10)?
26
Let w be (17 + 294/(-18))*-3. Let u(i) = -5*i - 5. Give u(w).
5
Suppose 3*i = -5*n - 45, 0 = -14*n + 10*n - 5*i - 36. Let x(j) = -5*j**2 - 34*j + 9. Let r(p) = p**2 + 7*p - 2. Let f(t) = -11*r(t) - 2*x(t). Calculate f(n).
4
Let n(m) be the first derivative of -m**5/120 - m**4/24 - 19*m**3/3 + 2*m + 83. Let t(h) be the third derivative of n(h). Calculate t(1).
-2
Let g = 382 + -373. Let u(d) = -29 + g - 5*d + 13. What is u(-3)?
8
Suppose -4*h + 3*r + 3 = 6, -2*r = -10. Suppose u = -0*u - 5, -h*f + 2*u + 4 = 0. Let n(p) = -123 + 59 + 2*p + 67. Determine n(f).
-1
Let p(f) be the second derivative of -f**5/10 - 5*f**4/6 + 5*f**3/6 - 3*f**2 - 7324*f. What is p(-6)?
36
Let a(i) = -77466*i**2 + 38725*i**2 - 14 - 11*i + i**3 + 38744*i**2. What is a(-6)?
-56
Let l(r) = -r**3 - 25*r**2 + 31*r + 132. Suppose -v + 5*v + s = -106, -4*s + 44 = -2*v. Calculate l(v).
2
Let o(k) = -697*k + 136. Let b(q) = 72*q - 14. Let d(u) = 68*b(u) + 7*o(u). Calculate d(4).
68
Let j(p) be the first derivative of -p**2 + 4*p - 25. Suppose 0 = -2*z + g + 7, -g = g - 2. What is j(z)?
-4
Let k be (-22034)/414 - 4/(-18). Let c be ((-16)/(-6))/(k/159). Let s(g) = -13*g - 5. Let p(q) = -6*q - 3. Let h(i) = -9*p(i) + 4*s(i). Calculate h(c).
-9
Let p be (-4 - (-460)/(-5))/(3/(-3)). Let u be (p/30)/8 + (-111)/15. Let v(q) = -q**2 - 7*q - 7. Give v(u).
-7
Let f(h) = -4*h**3 - 2*h**2 + 2*h + 2. Let l(c) = -c. Suppose -260*i + 263*i = -6. Let n be l(i). Calculate f(n).
-34
Suppose 96 = 37*t + 22. Let m(b) be the third derivative of 0*b - b**2 + 1/3*b**3 - 5/24*b**4 + 0. What is m(t)?
-8
Let z(t) = 19*t**2 + 5*t + 11. Let q(i) = 23*i**2 + 4*i + 11. Let g(l) = -5*q(l) + 6*z(l). What is g(13)?
-28
Let i be -4 - -5 - (1 + -1). Let s(p) be the third derivative of p**6/30 + p**5/30 - p**4/24 - 429*p**2 + p. Give s(i).
5
Let y(t) = 14 - 9646*t + 0 + 19301*t - 9638*t. What is y(-4)?
-54
Let z(n) = 858*n - 495. Let k(w) = 87*w - 50. Let f(q) = -39*k(q) + 4*z(q). Give f(1).
9
Let s = -21 - 263. Let k be s/(-14) + (-32)/112. Suppose 3*j = 3, -3*p - 4*j = j - k. Let l(x) = x**3 - 4*x**2 - 4*x - 5. Determine l(p).
0
Let g(a) = -3*a. Suppose 86*o - 135 = 59*o. Suppose -4*c = -5*d + o, c - d - 3*d + 4 = 0. Give g(c).
0
Let p(k) = -k - 1. Let l(u) = -u**2 + u + 4. Let y(s) = l(s) + 2*p(s). Suppose -10*w + 14*w = 40. Suppose 12*t = 7*t - w. Determine y(t).
0
Let g(p) = 23*p**2 + 26*p + 5. Let l(a) = 19*a**2 + 21*a + 5. Let j(x) = 5*g(x) - 6*l(x). Let w be -2*(7/2 - 1). What is j(w)?
0
Let f(j) = 275*j - 1652. Let h be f(6). Let l(x) = -10*x. Give l(h).
20
Let q(w) = 18*w**2 + 4*w + 26. Let c(f) = -47*f**2 - 13*f - 68. Let o(u) = 3*c(u) + 8*q(u). Give o(4).
24
Let x(l) = -5*l + 115. Let h(r) = r**3 - 10*r**2 + 32*r - 27. Let y be h(6). What is x(y)?
10
Let j(c) = -3*c + 87. Let i = -3288 + 3315. What is j(i)?
6
Let j(a) be the first derivative of -25 - 9/2*a**2 - 1/4*a**4 - 4*a + 11/3*a**3. Give j(10).
6
Let n(t) = 1. Let q(i) = 14*i - 2. Let a(m) = 3*n(m) + q(m). Let h = -15531 - -15530. What is a(h)?
-13
Suppose -14 = -5*r + 11. Suppose 0 = -r*s - 55 + 50. Let t(i) = -5*i - 1. What is t(s)?
4
Let h(n) = -n + 35. Let u = -5896 + 5921. What is h(u)?
10
Let m(x) = -23*x - 140*x**3 + 24*x**2 + 69*x**3 - 25 + 25*x + 69*x**3. Calculate m(12).
-1
Let m(j) = j**2 - 11*j - 11. Let h(b) = -b + 13. Let l be h(9). Suppose -l*u = 2*z - 216, z = 2*u - 6*u + 112. Let f = 116 - z. Calculate m(f).
1
Let o(j) = 2*j**2 + 30*j - 29. Suppose -13*s - 192 = 6*s - 7*s. What is o(s)?
3
Let j(m) = 4*m. Let z(o) = 8*o + 1. Suppose 6*u = -0*u - 42. Let i(c) = -c**2 - 5*c + 19. Let h be i(u). Let a(k) = h*j(k) - 2*z(k). Give a(-3).
-14
Let r(a) = -3*a**2 + 11*a + 3. Suppose -9*s + 39*s - 60 = 0. Let g be 1/(1 + 12/(-15)). Let u(i) = i**2 - 5*i - 1. Let t(q) = g*u(q) + s*r(q). Give t(-5).
-9
Let a(i) be the second derivative of i**5/20 + 7*i**4/12 - 5*i**3/3 - 4*i**2 - 9*i. Let w = -300 - -292. Determine a(w).
8
Let g(d) = -d**3 - d**2 - d - 2. Suppose 3*r + 3 = -12. Let h be r*(2/5)/((-2)/(-2)). Calculate g(h).
4
Suppose 7*r + 9*r = -12*r. Let h(u) be the third derivative of 10*u**2 + 0*u + 0 + 1/10*u**5 + r*u**3 + 0*u**4 - 1/120*u**6. Calculate h(6).
0
Let n(v) be the first derivative of -v**4/4 + 4*v**3/3 - v**2 + 7*v + 2632. Give n(4).
-1
Let z(r) = r**2 + 5*r + 4. Let c be z(-2). Let s(n) = -4*n**3 - n - 2. Let j(p) = 9*p**3 - p**2 + p + 5. Let y(u) = c*j(u) - 5*s(u). Give y(-2).
-14
Let r(s) = -7*s**2 + 63*s + 60. Let a(l) = 3*l**2 - 32*l - 31. Let x(v) = 10*a(v) + 4*r(v). Calculate x(35).
0
Suppose h - 19 = -18. Suppose 11 = 4*f - h. Let a(o) = 4 + 3*o + f*o - 3*o + o + o**2. Determine a(-5).
9
Let d(v) = -491*v + 2 + 5*v**2 - 4*v**2 + 493*v + 0*v**2. Suppose -5*h - 12 = -h. Determine d(h).
5
Let z(w) = -w**3 - w**2 - w - 15. Let k(y) = 284*y - 1420. Let c be k(5). Determine z(c).
-15
Let g(w) = w**3 + 3*w**2 + 2*w + 3. Let x(z) = z**3 + z + 4. Let a be x(0). Let v(k) = 7*k**2 - 7*k - 13. Let n be v(a). Let q = n + -73. Determine g(q).
3
Let x(w) = -3*w**3 - 13*w**2 - w + 4. Let d(o) be the second derivative of -o**5/20 - o**4/3 + o**2/2 - 2*o - 5. Let n(a) = -7*d(a) + 2*x(a). Determine n(1).
2
Suppose 5 = 8*a - 19. Let b be (0 - (0 + a))/((-1)/(-2)). Let d(z) = -z**2 - z - 4. What is d(b)?
-34
Let h be 24/240 - 9/12*(-358)/15. Let q(z) = z**3 - 17*z**2 - 19*z + 40. Calculate q(h).
22
Let l = -63 - -64. Suppose -5 - l = -2*i. Let w(u) = 20 + 0 - u - 16. Give w(i).
1
Let v(q) be the third derivative of 0*q - q**3 + 1/24*q**4 + 13*q**2 - 2. Let p = 3 + -8. What is v(p)?
-11
Let c = -1952 + 2850. Let i(g) = -3*g**3 - 451*g + 3*g**2 + c*g - 445*g - 2*g**2 - 2. What is i(1)?
-2
Suppose 0 = 5*a - 5*b - 260, 0 = -2*b - 3*b - 10. Let q be 13 + 40/30*33. Let l = q - a. Let x(z) = -z - 7. Calculate x(l).
-14
Let o be ((-2)/5)/(6/(240/(-8))). Let f(p) = -o + 15*p - 8*p + 0*p - 2*p. Determine f(-5).
-27
Let c(d) = -10*d + 4. Suppose 0 = 4*k + 4*a + 4, 3*k = -0*a - 4*a - 4. Let h be c(k). Let u(l) = l**2 - 5*l - 2. Determine u(h).
-6
Let h(a) = -5*a**2 - 9*a - 11. Let g(q) = 2*q**2 + 4*q + 5. Let d(u) = 4*u**3 + u**2 + u. Let b be d(-1). Let n(o) = b*h(o) - 9*g(o). Determine n(-3).
17
Let g(c) = -3*c**2 - c + 3. Let r be (57 - 53)*((-105)/(-20))/(-7). What is g(r)?
-21
Let r(y) = 42*y - 27 - 80*y + 10*y + 27*y. Calculate r(-34).
7
Let f(w) = -w**2 - 11*w. Let l(a) = 1151*a + 3442. Let b be l(-3). Determine f(b).
0
Let q(o) be the third derivative of o**6/120 - 7*o**5/60 - 5*o**4/4 - 11*o**3/3 + 28*o**2 - 125. Calculate q(10).
-22
Let f(j) = 33*j + 15. Let v = 2921 - 2922. Determine f(v).
-18
Let c(d) = -d**2 + 23*d - 76. Let v = -3814 + 3833. Give c(v).
0
Let c(x) = -x**3 + x**2 + 6*x - 5. Suppose 0 = 69*g - 74*g - 2*f + 15, -4*g - f = -15. What is c(g)?
-75
Let d(k) = -4*k**3 - 38*k**2 + 18*k + 17. Let q(z) = 3*z**3 + 33*z**2 - 16*z - 17. Let l(g) = -4*d(g) - 5*q(g). What is l(12)?
-31
Let h(j) = -j**3 - 4*j - 9. Suppose 509*v - 542*v = 0. Give h(v).
-9
Let n = -10 + 4. Let u(x) = -11 - 68*x + 63*x**3 + 72*x - 68*x**3 + 8*x**2 + 5. Let s(f) = 4*f**3 - 8*f**2 - 3*f + 7. Let j(l) = n*s(l) - 5*u(l). What is j(-8)?
4
Suppose 11 = 5*a + 2*f, -3*a + 4*f - 2 = 7. Let v be 0 + (12/a)/4. Let l(q) = 19*q**2 + 9*q - 11*q**2 - 4*q**v + 3*q**3 - 7. Determine l(9).
-7
Let t(k) = k**2 - 18*k - 4. Let w be t(20). Let j = -41 + w. Let s(n) be the second derivative of n**3/6 - n**2/2 + 7*n. Give s(j).
-6
Let v be (-1370)/(-4) - 4/(-8). Let h = -346 + v. Let j(w) = -w**2 - w + 2. Determine j(h).
-4
Let o be (1 - (-44)/8)/(5/90). Suppose 15 = 33*k - o. L